 + 16*i. Suppose -4*f + 144 = 2*w, i*w - 15 = -3*f + 107. Suppose -n = s - 25, -f + 103 = 3*n + 5*s. What are the prime factors of n?
2, 7
Let c(j) = -3*j**3 + 4*j**2 + 8*j + 5. Let f be c(-2). Let s = 29 - f. What are the prime factors of -3 + (3 - s) + 96?
2, 3
Suppose -170*s + 43*s - 54*s = -163624. What are the prime factors of s?
2, 113
Suppose 0 = m - r - 7, -10*m - 3 = -7*m + 5*r. Let g = m - -1058. List the prime factors of g.
2, 3, 59
Let m be (4/(-3))/(-1)*(-48)/(-8). Suppose -4*q = -m*q + 12. List the prime factors of 202*(9/(-3) - (-12)/q).
2, 101
Let o(x) = 27*x + 11. Let t be (5 + -1 + -4)/(-3). Suppose t = -5*m - 4*w + 24, 0 = -m - m - 2*w + 10. List the prime factors of o(m).
7, 17
Suppose 62 + 34 = 8*b. Suppose 236 = -b*p + 7376. List the prime factors of p.
5, 7, 17
List the prime factors of (10 - 7)*25525/15 - -6.
19, 269
Let t = 44 + -36. Suppose 45*o = 43*o + t. Suppose 5*p - 105 = -5*b, p + 2 - 8 = -o*b. List the prime factors of p.
2, 13
Let x = 4314 - 1507. What are the prime factors of x?
7, 401
Suppose -21*u + 117321 - 74219 = -86153. What are the prime factors of u?
5, 1231
Let c be 6*(-5)/15 - 549. Let y = c - -1462. List the prime factors of y.
911
Let z = 9618 + -2927. List the prime factors of z.
6691
Let l = -39 + 44. Suppose l*u + 41 = 211. Let k = u - 6. What are the prime factors of k?
2, 7
Suppose 5*h = -26 + 26. Suppose h = y - 4*y + 177. List the prime factors of y.
59
Suppose -23*b - 49*b + 416195 = -137053. List the prime factors of b.
2, 17, 113
Let u be 1/((-4)/8*2/(-21)). Let x be (-9)/u + 174/14. List the prime factors of 3*(-4)/x - -24.
23
Let t be 10/((-40)/(-78))*(-20)/(-6). Let m = -63 + t. Suppose -2*f - 4*x = -0*f - 324, m*f + x = 336. What are the prime factors of f?
2, 5, 17
Suppose -7*k + 106 = 43. Let s(i) = 32*i - 11. What are the prime factors of s(k)?
277
Suppose 372*k - 369*k = 2*n - 6582, -k = 2. What are the prime factors of n?
2, 3, 137
Suppose 0 = f + 3*j - 595, -4*f = -8*j + 3*j - 2295. What are the prime factors of f?
2, 5, 29
Suppose 0 = 259*i - 263*i + 99648. Suppose 50*d - i = 2*d. What are the prime factors of d?
3, 173
Let y = 64 + -15. Suppose 3*l + y - 1171 = 0. What are the prime factors of l?
2, 11, 17
Suppose 0 = -113*q + 102*q + 170445. List the prime factors of q.
3, 5, 1033
Let r(x) = 276*x - 27. Let p be r(2). Let c = -287 + p. What are the prime factors of c?
2, 7, 17
Suppose 0*f = 9*f. Suppose 5*u + 2*g + 3*g = 1570, f = 5*u - 3*g - 1562. What are the prime factors of u?
313
Let l(r) = 1. Suppose 4*w + 2 = 2*w. Let h(u) = 6*u + 14. Let o(x) = w*h(x) - 4*l(x). List the prime factors of o(-7).
2, 3
Let t(w) = -4863*w + 2322. What are the prime factors of t(-5)?
3, 13, 683
Suppose 6*x = 4*x + 6. Let g(u) be the first derivative of 7*u**2 + 6*u - 159. List the prime factors of g(x).
2, 3
Let w be (-35)/(-20) + -1 + (-174)/8. Let b(n) = 19*n + 4. Let k be b(-5). Let d = w - k. What are the prime factors of d?
2, 5, 7
What are the prime factors of (3 - -9) + -14 - -6951?
6949
What are the prime factors of ((-43)/(-215))/(2/188350)?
5, 3767
Let a(r) = -8*r**2 - 1442*r + 460. List the prime factors of a(-159).
2, 5, 2749
Let m = -549 - -315. Let n = m - -565. What are the prime factors of n?
331
Let w be -31*28*(-40)/80. Suppose 0 = 5*n - 3*n - w. What are the prime factors of n?
7, 31
Let c(i) = -i**3 - 67*i + 9009. List the prime factors of c(0).
3, 7, 11, 13
Let q(j) = j - 3. Let p be q(6). Suppose -2943 = p*s + w - 11316, -5*s - 4*w + 13948 = 0. List the prime factors of 4/(-6) - (1 - s/12).
3, 7, 11
Suppose k = -96 + 98. Let x(u) = 279*u**k - 6 + 0 - 272*u**2. What are the prime factors of x(-5)?
13
Let k = -5717 + 26899. List the prime factors of k.
2, 7, 17, 89
Let a = -21338 + 37525. What are the prime factors of a?
16187
Suppose -18*w + 89575 = -10*w + 17*w. List the prime factors of w.
3583
Suppose 5*j + 0*c = -c + 43, -12 = -4*c. Suppose j*h - 13*h = -400. Suppose -6*o = -h - 16. What are the prime factors of o?
2
Suppose 5*h + 5*r - 155360 = 0, -32*h - 4*r - 124336 = -36*h. List the prime factors of h.
2, 41, 379
Suppose 36361 = 12*p + 7333. Suppose -p = -11*a - 175. What are the prime factors of a?
2, 3, 17
Let l(u) be the first derivative of u**2/2 + 55*u + 17. Let n(s) = s + 28. Let k(x) = 3*l(x) - 5*n(x). What are the prime factors of k(-13)?
3, 17
Let l = 16463 - 7178. List the prime factors of l.
3, 5, 619
Let k(v) = -4*v**2 - 6*v - 12. Let r(p) = 5*p**2 + 7*p + 12. Let w(q) = 4*k(q) + 3*r(q). Let o be w(-13). Let y = -65 - o. What are the prime factors of y?
7, 11
Let h(p) = 2*p**2 - 28*p + 101. Let k be h(19). Let w = 579 - k. List the prime factors of w.
2, 3
Suppose -3*j - 5 = -8, 4*j = 2*b - 2. Suppose 2610 = -2*p - b*p + o, 506 = -p - 3*o. Let h = p + 758. What are the prime factors of h?
3, 79
Let o(g) = 196*g**2 + 48*g - 150. List the prime factors of o(-17).
2, 7, 41, 97
Let m(i) = -i**2 - 4*i + 3. Let k be m(-4). Suppose -21*b + 6396 = 5*b. Suppose 3*f - 153 = k*u, 5*f - 4*u + 8*u = b. List the prime factors of f.
2, 5
Suppose -3*f - 3*q - 142137 = -7*f, 2*f - 71071 = -q. List the prime factors of f.
3, 5, 23, 103
Let w(c) = c**2 + c - 119. Let f be w(-12). Suppose -3*q - 5*j - 4 = 0, -18*q + j + 40 = -f*q. What are the prime factors of q?
7
Let k = -30 + 50. Suppose -5*v - k = 10. What are the prime factors of 235 - (7/3 + 2/v)?
233
Let a(g) be the third derivative of g**4/2 - 47*g**3/6 + 6*g**2. Let l = 787 - 772. What are the prime factors of a(l)?
7, 19
Let t(i) = 7007*i + 200. List the prime factors of t(5).
3, 5, 29
Let q(k) = 44*k + 18. Let i be (-3)/5 - (990/(-25))/6. Let t be q(i). Let y = -199 + t. List the prime factors of y.
83
Suppose -3*h = -5*j - 7064, 4*h + 8*j = 10*j + 9428. What are the prime factors of h?
2, 3, 131
Let o(a) = a**2 - 8*a + 3. Let t be o(9). Let k(n) = 2*n - t*n - 4 + 42*n**2 + 6*n - 13*n**2. What are the prime factors of k(-2)?
2, 3, 5
Suppose 0 = 3*l - 270 - 663. Let u = -279 + l. List the prime factors of u.
2
Let i = -8 + 14. Suppose 12*x - 10*x + v - 462 = 0, -3*x - 3*v + 699 = 0. Suppose -2*c = -2*p - 422, c + i*p - x = p. List the prime factors of c.
2, 107
Let s be ((-2)/16)/((-7)/56). Let p(x) = -156*x**3 + 2*x**2 - 2*x - 1. Let j be p(s). Let t = j - -269. What are the prime factors of t?
2, 7
Suppose -2*o + 4801 = 5*z, -13*z + o = -12*z - 956. List the prime factors of z.
7, 137
Let u(m) = 63*m - 60. Let x be u(-6). Let d = 242 + x. Let h = 322 + d. What are the prime factors of h?
2, 3, 7
Let i(h) = h**3 - 5*h**2 - 6*h + 2. Let o be i(6). Suppose 0 = 5*u - o*u - 12, 2*u - 1558 = -5*p. What are the prime factors of p?
2, 5, 31
Suppose -2*o - 40*a = -47*a - 93691, 93628 = 2*o + 2*a. List the prime factors of o.
3, 15607
Let j(z) = -177*z + 193. Let b(h) = 60*h - 64. Let k(l) = 8*b(l) + 3*j(l). What are the prime factors of k(-12)?
7, 97
Suppose 5*x + 231 = -94. Let z be (-586)/(-10) + (-26)/x. Suppose 193 + z = 4*k. What are the prime factors of k?
3, 7
Let f be 2/(-12) - 4/(-24) - -3. Suppose 3*k = k - f*k. Suppose 0 = 4*a - 3*a - 5, -2*p + a + 351 = k. List the prime factors of p.
2, 89
Let f(s) = 5399*s**3 - s**2 - 2*s + 13. List the prime factors of f(2).
3, 7, 11, 17
Let h(l) = 125*l**2 + 2*l + 7. Let c be h(-3). Let k = -784 + c. What are the prime factors of k?
2, 3, 19
Let q = 53115 + -8924. What are the prime factors of q?
7, 59, 107
Suppose 23*f - 26*f = 63. List the prime factors of ((-638)/33)/(1/f).
2, 7, 29
Let t(w) be the second derivative of 67/6*w**3 + 14*w + 0 + 2*w**2. What are the prime factors of t(1)?
71
Suppose 0 = -t - 4*x + 50053, -5*t + 135055 = 3*x - 115261. What are the prime factors of t?
5, 17, 19, 31
Let f be (-11 + 7)*(2 + 5/2). Let x(c) = -18*c - 24. Let p be x(f). Suppose -5*q - y = 2*y - p, 0 = -y. What are the prime factors of q?
2, 3, 5
Suppose 0 = 4*l + 2*x - 3*x + 94, -5*x = 10. Let n = 28 + l. Suppose n*p + 2*g - 255 = 241, 110 = p + 4*g. What are the prime factors of p?
2, 3, 7
Suppose 10*i - 3 = -t + 5*i, 5*i + 75 = 5*t. Suppose -t*c = c - 112. Let p(s) = s**2 + s - 4. What are the prime factors of p(c)?
2, 17
Suppose 0 = -k - 2, -184*w + 182*w = 2*k - 51214. What are the prime factors of w?
25609
Suppose 0 = -161*g + 246*g - 218110. List the prime factors